+ 98 = 2*b. Suppose 4*v = i + 410. What are the prime factors of v?
109
Suppose 40*o - 26686 = -2486. What are the prime factors of o?
5, 11
Suppose r = 3*q - r + 28, -3*r = -q. Let t(h) = 8 + 5*h + 0*h - 3*h - 3*h. What are the prime factors of t(q)?
2, 5
Suppose 0 = 5*w - 2 - 3. Let s be ((-25)/(-5))/(2 - w). Suppose g - 14 + 4 = u, s*g + 4*u = 77. What are the prime factors of g?
13
Suppose 3*g + 3*j + 240 = 6*g, 2*g = 3*j + 160. Let k = g - 45. Suppose 0 = 19*l - 24*l + k. List the prime factors of l.
7
Let y(t) = 2*t - 2. Let i be y(1). Suppose x - 12 + 57 = i. List the prime factors of 20/6*x/(-6).
5
What are the prime factors of 5 + -5 + 5 + (1 - -4793)?
4799
Let p = -8 - -16. Suppose 7*u - p = 3*u. Suppose 2*a + 2*q - 117 = -3*a, u*a = -5*q + 30. List the prime factors of a.
5
Suppose 0 = k - g + 2*g - 3, 0 = 2*g. Let o be (0 + -1)*-17 + k. Suppose o + 10 = 3*d. What are the prime factors of d?
2, 5
Let f(a) = 6*a**2 + 200*a + 35. What are the prime factors of f(-35)?
5, 7, 11
Suppose -2*s + s + 3*z + 427 = 0, 5 = z. What are the prime factors of s?
2, 13, 17
What are the prime factors of 1 - 0 - 5/(40/(-4312))?
2, 3, 5
What are the prime factors of ((-45)/(-12))/((20/2192)/5)?
3, 5, 137
Let g be (6 + -5)*(-79 + 0). Let x = g - -168. Suppose x = 7*q - 3*q - 3*i, -3*i = 3*q - 51. What are the prime factors of q?
2, 5
Let x(k) be the third derivative of k**6/45 + k**5/30 + k**4/8 + 2*k**3/3 + 4*k**2. Let p(f) be the first derivative of x(f). List the prime factors of p(-2).
3
Suppose -5*f + 3 = -3*w + 12, -18 = -3*w + 2*f. Suppose 0 = a - 17 - w. List the prime factors of a.
5
Let j = 108 - 65. Let s = j - 28. Suppose -4*p - s = -55. What are the prime factors of p?
2, 5
Let k = 40 - 41. Suppose 2*q = -0*q + 6. What are the prime factors of (q/(-3))/k - -22?
23
Suppose -7 = -2*n - 1. Suppose -3*p + 62 = -n*d + 5*d, 38 = 2*p + 2*d. What are the prime factors of p?
2, 3
Let s be (-3)/(-12) + 555/(-12). Suppose -5*b + 2*b = 24. List the prime factors of s/b*(1 + 3).
23
Suppose -61*r + 23046 = -15*r. List the prime factors of r.
3, 167
Let z = 586 - 324. What are the prime factors of z?
2, 131
Let d = -72 - -133. Let g = 51 - -86. Let t = g - d. What are the prime factors of t?
2, 19
Let h(l) = l**3 + 10*l**2 + 7. Let d be h(-10). Suppose 0 = 4*r - p - 175, -5*r - d*p + 2*p + 200 = 0. What are the prime factors of r?
43
Let o(z) = z**2 - 11*z - 11. Let u(d) = d**2 - 9*d + 6. Let f be u(7). Let n be o(f). Suppose 8*t - n = 5*t. List the prime factors of t.
47
Let z = 960 + -314. What are the prime factors of z?
2, 17, 19
Let z(q) = 25*q**2 + 31*q + 175. What are the prime factors of z(-7)?
7, 13
Suppose -4*o = 2*h - 10826, 28*o - 31*o = -3*h - 8106. List the prime factors of o.
5, 541
Let w = -1 + 1. Let t be -1 - (24/(-16))/((-4)/(-96)). Suppose w = -5*b + 35 + t. What are the prime factors of b?
2, 7
Let h = -946 + 1873. List the prime factors of h.
3, 103
Suppose 4798 = 11*z - 108. What are the prime factors of z?
2, 223
Let i = -291 + 927. What are the prime factors of i?
2, 3, 53
List the prime factors of 3/(-15) - -142*6/60.
2, 7
Suppose -j - 3*v = -2160, -2*j + 5*v = -0*v - 4342. List the prime factors of j.
2, 3, 19
Let p(k) = 51*k**3 - 5*k**2 + 5*k - 3. What are the prime factors of p(3)?
2, 3, 7
Let z = 36 + -30. Suppose t = z*t - 210. Suppose -7 = -g + t. List the prime factors of g.
7
Suppose 14880 = 7*q + 3099. What are the prime factors of q?
3, 11, 17
What are the prime factors of ((-390)/(-40))/(2/104)?
3, 13
Let x = -25 - -29. Suppose x*f - 5*c = 3*f + 108, 4*f - 4*c = 400. What are the prime factors of f?
2, 7
Let g = 41 - -50. Let q = g + -53. What are the prime factors of q?
2, 19
Let y = -279 - -589. List the prime factors of y.
2, 5, 31
Suppose 0 = 12*i + 651 - 1671. Suppose o = -1, -f + 3*o = -6 - 1. Suppose -f*x - j = 2*j - i, -3*x = -2*j - 85. What are the prime factors of x?
5
Let f(j) = -49*j + 271. What are the prime factors of f(-60)?
13, 19
Suppose 0 = 5*u + 2*n + 186, -3*n + 0*n - 153 = 4*u. Let j(i) = -i**3 - 3*i**2 + 2*i. Let y be j(-4). What are the prime factors of y/u - 656/(-36)?
2, 3
Let b(v) = -v - 9. Let u be b(-9). Suppose u = 2*n - 7*n - 20. What are the prime factors of n/(-22) - (-1180)/44?
3
Suppose -k = -4*h + 24, 0 = -3*h + 5 + 1. Let n be (-12)/k + (-51)/(-12). Suppose 6*o = 3*w + 2*o - n, -4*w + 2*o = -10. What are the prime factors of w?
3
Let q = 96 + -114. What are the prime factors of q/(-153) - (-3058)/17?
2, 3, 5
Suppose -67*g - 6175 = -72*g. What are the prime factors of g?
5, 13, 19
Let g = 264 + -17. List the prime factors of g.
13, 19
Let s = -5 - -40. Let c = -27 + s. What are the prime factors of 931/28 - 2/c?
3, 11
What are the prime factors of (64/6)/((-4)/372*-2)?
2, 31
Let m(h) = h - 17. Let n be m(12). Let a(p) = 6*p**2 + 2*p - 13. Let t(d) = -5*d**2 - 3*d + 13. Let q(f) = n*t(f) - 4*a(f). What are the prime factors of q(-9)?
5
Suppose 3*k - 2*i - 839 = -3*i, 2*k - i - 566 = 0. Suppose -4*l + k = 3*h - 337, -3*h + 618 = -l. List the prime factors of h.
2, 103
Suppose -4*y - 6 = -22. Suppose y*m - 36 = 80. Suppose -3 = -r + m. What are the prime factors of r?
2
Let d be 2 + 9/(27/6). Suppose -d*q + 288 = -q. List the prime factors of q.
2, 3
Let v = -10 + 14. Suppose 8 = -v*w, 0 = 4*i - 4*w + 2*w - 20. Suppose -i*s = -0*s - 8. What are the prime factors of s?
2
Let p(d) = 7*d**2 - 2*d. Let t be p(1). Suppose -f + t*f - 200 = 0. List the prime factors of f.
2, 5
Let a be 24/36*3/(-2). Let g(f) = -7*f**3 - f**3 + 4*f**3 - 28*f**3. List the prime factors of g(a).
2
Let t(o) = -344*o - 6. Let s be t(-1). Suppose n = -i + 92, 2*n + 2*i + s = 6*n. List the prime factors of n.
3, 29
Let y(f) = 10*f**3 + 4*f**2 + 3*f - 6. Let g(v) = -21*v**3 - 9*v**2 - 7*v + 13. Let i(t) = 4*g(t) + 9*y(t). What are the prime factors of i(3)?
157
Let y(l) = 2*l + 11. Let z be y(-6). List the prime factors of (7/z)/(12 - 13).
7
Let w = 36 + -66. Let q = w - -52. Suppose 16 + q = 2*t. What are the prime factors of t?
19
Let s = -57 - -65. Suppose -699 = 5*c - s*c. List the prime factors of c.
233
Let b(z) = -11*z + 17. Let g be b(-14). Let d = g - 97. What are the prime factors of d?
2, 37
Let n be 425/(-4) - 1/(-4). Let w(f) = f**2 + 6*f - 2. Let b be w(-5). What are the prime factors of b/(-14) + n/(-4)?
3
Suppose 1372 = -3*v + 8*v - 3*r, 0 = 4*r - 4. Let a = v - 85. List the prime factors of a.
2, 5, 19
Suppose -u - 1 + 6 = 0. List the prime factors of u/4 - (-1458)/24.
2, 31
Let c = 9 + -5. Suppose -c*j + 23 = -3*o, 32 - 7 = 5*j - 3*o. Suppose 4*t = -3*b + 8, b + b = -2*t + j. What are the prime factors of t?
5
Let b(c) = -2*c - 7. Let a be b(-12). Let w(u) = u**3 - 18*u**2 + 20*u - 7. List the prime factors of w(a).
2, 11
Let p(h) = -4*h - 9. Let r be p(3). Let z(w) = -w - 18. Let u be z(r). Suppose u*k = -k + 228. List the prime factors of k.
3, 19
Let b = 6 - 4. Suppose 4*m + 4*d = 20, -4*m + b*d = 5*d - 18. List the prime factors of m/(-2)*10/(-5).
3
Suppose -5*r + 9 = -6, 3*g - 2*r = 624. What are the prime factors of g?
2, 3, 5, 7
Suppose -3*i = -4*b + 4676, -9*b - 2*i = -4*b - 5845. What are the prime factors of b?
7, 167
Suppose -5*o - r = -11, 0 = 2*r + 3*r - 5. Let f be (-253)/(-11) + 1*o. Suppose 4*b - 95 = f. List the prime factors of b.
2, 3, 5
What are the prime factors of -1 - 1 - 43/(860/(-39900))?
1993
Let q(g) = g**2 - 2*g - 6. Let r be (1 - 16)/(3/6*-3). List the prime factors of q(r).
2, 37
Suppose 4*n - 2 = -3*b + 7, b = -5*n + 3. Let h(z) = 99*z + 6. List the prime factors of h(b).
3, 101
Let b(c) = -13*c**3 - 9*c**2 + 5*c - 3. List the prime factors of b(-6).
3, 19, 43
Suppose 4*g = -4*s + 2960, -3*s = 74*g - 77*g + 2202. What are the prime factors of g?
11, 67
Let v(p) = 6*p**3 - 16*p**2 - 29*p + 28. List the prime factors of v(10).
2, 2069
Let v = 10 - 1. Suppose 0 = -2*j - 8, -x - v = -3*j - 86. List the prime factors of x.
5, 13
Let g = 2198 + -958. Suppose 4*p - g = -0*p. Suppose -21*u = -26*u + p. List the prime factors of u.
2, 31
Let t(l) = 2*l**3 + 10*l**2 - 17*l - 13. List the prime factors of t(6).
677
Let m(h) = 7 - 11 - 178*h - 26*h. What are the prime factors of m(-1)?
2, 5
Let l(o) = -o**2 + 5*o. Let c(x) = -x**2 + 6*x - 1. Let u(i) = 3*c(i) - 4*l(i). Let j be